{"id":4212,"date":"2026-03-20T11:10:11","date_gmt":"2026-03-20T14:10:11","guid":{"rendered":"https:\/\/baquedano.com.ar\/sitio\/?post_type=product&#038;p=4212"},"modified":"2026-03-20T11:10:56","modified_gmt":"2026-03-20T14:10:56","slug":"vaso-explorer","status":"publish","type":"product","link":"https:\/\/baquedano.com.ar\/sitio\/producto\/vaso-explorer\/","title":{"rendered":"Vaso &#8211; EXPLORER"},"content":{"rendered":"<p>Conoc\u00e9 el Vaso Explorer, el aliado ideal para acompa\u00f1arte en tu d\u00eda a d\u00eda, ya sea en la ciudad, el trabajo o tus escapadas al aire libre.<\/p>\n<p>Con una capacidad de 473 ml, est\u00e1 dise\u00f1ado para mantener tus bebidas a la temperatura perfecta: conserva el calor hasta por 5 horas, el fr\u00edo por 4 horas y el hielo hasta 12 horas, para que disfrutes cada sorbo como reci\u00e9n servido.<\/p>\n<p>Fabricado en acero inoxidable AISI 304 100%, garantiza m\u00e1xima durabilidad, resistencia y un uso seguro para todo tipo de bebidas. Su doble pared con aislamiento t\u00e9rmico evita la transferencia de temperatura al exterior, brindando mayor confort al sostenerlo.<\/p>\n<p>Su dise\u00f1o pr\u00e1ctico y funcional incluye un tama\u00f1o ideal (15 cm de alto) que facilita el llenado y transporte, mientras que su peso liviano de 350 g lo hace perfecto para llevar a todos lados. Adem\u00e1s, cuenta con recubrimiento powder coated, que no solo aporta un acabado moderno, sino tambi\u00e9n mayor agarre y resistencia al uso diario.<\/p>\n<p>Vers\u00e1til, resistente y pensado para tu ritmo: el Vaso Explorer es la combinaci\u00f3n perfecta de estilo y rendimiento.<\/p>\n","protected":false},"excerpt":{"rendered":"<p>Conoc\u00e9 el Vaso Explorer, el aliado ideal para acompa\u00f1arte en tu d\u00eda a d\u00eda, ya sea en la ciudad, el trabajo o tus escapadas al aire libre. Con una capacidad de 473 ml, est\u00e1 dise\u00f1ado para mantener tus bebidas a la temperatura perfecta: conserva el calor hasta por 5 horas, el fr\u00edo por 4 horas [&hellip;]<\/p>\n","protected":false},"featured_media":4216,"template":"","meta":[],"product_brand":[],"product_cat":[121],"product_tag":[],"class_list":{"0":"post-4212","1":"product","2":"type-product","3":"status-publish","4":"has-post-thumbnail","6":"product_cat-accesorios","7":"product_shipping_class-simple","9":"first","10":"instock","11":"sold-individually","12":"shipping-taxable","13":"purchasable","14":"product-type-variable"},"yoast_head":"<!-- This site is optimized with the Yoast SEO Premium plugin v26.2 (Yoast SEO v27.1.1) - https:\/\/yoast.com\/product\/yoast-seo-premium-wordpress\/ -->\n<title>Vaso - EXPLORER - Baquedano<\/title>\n<meta name=\"robots\" content=\"index, follow, max-snippet:-1, max-image-preview:large, max-video-preview:-1\" \/>\n<link rel=\"canonical\" href=\"https:\/\/baquedano.com.ar\/sitio\/producto\/vaso-explorer\/\" \/>\n<meta property=\"og:locale\" content=\"es_ES\" \/>\n<meta property=\"og:type\" content=\"article\" \/>\n<meta property=\"og:title\" content=\"Vaso - EXPLORER\" \/>\n<meta property=\"og:description\" content=\"Conoc\u00e9 el Vaso Explorer, el aliado ideal para acompa\u00f1arte en tu d\u00eda a d\u00eda, ya sea en la ciudad, el trabajo o tus escapadas al aire libre. Con una capacidad de 473 ml, est\u00e1 dise\u00f1ado para mantener tus bebidas a la temperatura perfecta: conserva el calor hasta por 5 horas, el fr\u00edo por 4 horas [&hellip;]\" \/>\n<meta property=\"og:url\" content=\"https:\/\/baquedano.com.ar\/sitio\/producto\/vaso-explorer\/\" \/>\n<meta property=\"og:site_name\" content=\"Baquedano\" \/>\n<meta property=\"article:publisher\" content=\"https:\/\/www.facebook.com\/baquedano.german\/\" \/>\n<meta property=\"article:modified_time\" content=\"2026-03-20T14:10:56+00:00\" \/>\n<meta property=\"og:image\" content=\"https:\/\/baquedano.com.ar\/sitio\/wp-content\/uploads\/2026\/03\/fb36cbf8-56a9-4da3-b718-326d8fba218a.jpg\" \/>\n\t<meta property=\"og:image:width\" content=\"263\" \/>\n\t<meta property=\"og:image:height\" content=\"500\" \/>\n\t<meta property=\"og:image:type\" content=\"image\/jpeg\" \/>\n<meta name=\"twitter:card\" content=\"summary_large_image\" \/>\n<meta name=\"twitter:label1\" content=\"Tiempo de lectura\" \/>\n\t<meta name=\"twitter:data1\" content=\"2 minutos\" \/>\n<script type=\"application\/ld+json\" class=\"yoast-schema-graph\">{\"@context\":\"https:\/\/schema.org\",\"@graph\":[{\"@type\":\"WebPage\",\"@id\":\"https:\/\/baquedano.com.ar\/sitio\/producto\/vaso-explorer\/\",\"url\":\"https:\/\/baquedano.com.ar\/sitio\/producto\/vaso-explorer\/\",\"name\":\"Vaso - EXPLORER - Baquedano\",\"isPartOf\":{\"@id\":\"https:\/\/baquedano.com.ar\/sitio\/#website\"},\"primaryImageOfPage\":{\"@id\":\"https:\/\/baquedano.com.ar\/sitio\/producto\/vaso-explorer\/#primaryimage\"},\"image\":{\"@id\":\"https:\/\/baquedano.com.ar\/sitio\/producto\/vaso-explorer\/#primaryimage\"},\"thumbnailUrl\":\"https:\/\/baquedano.com.ar\/sitio\/wp-content\/uploads\/2026\/03\/fb36cbf8-56a9-4da3-b718-326d8fba218a.jpg\",\"datePublished\":\"2026-03-20T14:10:11+00:00\",\"dateModified\":\"2026-03-20T14:10:56+00:00\",\"breadcrumb\":{\"@id\":\"https:\/\/baquedano.com.ar\/sitio\/producto\/vaso-explorer\/#breadcrumb\"},\"inLanguage\":\"es\",\"potentialAction\":[{\"@type\":\"ReadAction\",\"target\":[\"https:\/\/baquedano.com.ar\/sitio\/producto\/vaso-explorer\/\"]}]},{\"@type\":\"ImageObject\",\"inLanguage\":\"es\",\"@id\":\"https:\/\/baquedano.com.ar\/sitio\/producto\/vaso-explorer\/#primaryimage\",\"url\":\"https:\/\/baquedano.com.ar\/sitio\/wp-content\/uploads\/2026\/03\/fb36cbf8-56a9-4da3-b718-326d8fba218a.jpg\",\"contentUrl\":\"https:\/\/baquedano.com.ar\/sitio\/wp-content\/uploads\/2026\/03\/fb36cbf8-56a9-4da3-b718-326d8fba218a.jpg\",\"width\":263,\"height\":500},{\"@type\":\"BreadcrumbList\",\"@id\":\"https:\/\/baquedano.com.ar\/sitio\/producto\/vaso-explorer\/#breadcrumb\",\"itemListElement\":[{\"@type\":\"ListItem\",\"position\":1,\"name\":\"Portada\",\"item\":\"https:\/\/baquedano.com.ar\/sitio\/\"},{\"@type\":\"ListItem\",\"position\":2,\"name\":\"Productos\",\"item\":\"https:\/\/baquedano.com.ar\/sitio\/shop\/\"},{\"@type\":\"ListItem\",\"position\":3,\"name\":\"Vaso &#8211; EXPLORER\"}]},{\"@type\":\"WebSite\",\"@id\":\"https:\/\/baquedano.com.ar\/sitio\/#website\",\"url\":\"https:\/\/baquedano.com.ar\/sitio\/\",\"name\":\"German Baquedano\",\"description\":\"La fuerza de la calidad\",\"publisher\":{\"@id\":\"https:\/\/baquedano.com.ar\/sitio\/#organization\"},\"potentialAction\":[{\"@type\":\"SearchAction\",\"target\":{\"@type\":\"EntryPoint\",\"urlTemplate\":\"https:\/\/baquedano.com.ar\/sitio\/?s={search_term_string}\"},\"query-input\":{\"@type\":\"PropertyValueSpecification\",\"valueRequired\":true,\"valueName\":\"search_term_string\"}}],\"inLanguage\":\"es\"},{\"@type\":\"Organization\",\"@id\":\"https:\/\/baquedano.com.ar\/sitio\/#organization\",\"name\":\"Baquedano\",\"url\":\"https:\/\/baquedano.com.ar\/sitio\/\",\"logo\":{\"@type\":\"ImageObject\",\"inLanguage\":\"es\",\"@id\":\"https:\/\/baquedano.com.ar\/sitio\/#\/schema\/logo\/image\/\",\"url\":\"https:\/\/baquedano.com.ar\/sitio\/wp-content\/uploads\/2022\/02\/logo_tr.png\",\"contentUrl\":\"https:\/\/baquedano.com.ar\/sitio\/wp-content\/uploads\/2022\/02\/logo_tr.png\",\"width\":362,\"height\":119,\"caption\":\"Baquedano\"},\"image\":{\"@id\":\"https:\/\/baquedano.com.ar\/sitio\/#\/schema\/logo\/image\/\"},\"sameAs\":[\"https:\/\/www.facebook.com\/baquedano.german\/\",\"https:\/\/www.instagram.com\/baquedanog\/\"],\"email\":\"gbaquedano@baquedano.com.ar\",\"telephone\":\"+542477440611\"}]}<\/script>\n<!-- \/ Yoast SEO Premium plugin. -->","yoast_head_json":{"title":"Vaso - EXPLORER - Baquedano","robots":{"index":"index","follow":"follow","max-snippet":"max-snippet:-1","max-image-preview":"max-image-preview:large","max-video-preview":"max-video-preview:-1"},"canonical":"https:\/\/baquedano.com.ar\/sitio\/producto\/vaso-explorer\/","og_locale":"es_ES","og_type":"article","og_title":"Vaso - EXPLORER","og_description":"Conoc\u00e9 el Vaso Explorer, el aliado ideal para acompa\u00f1arte en tu d\u00eda a d\u00eda, ya sea en la ciudad, el trabajo o tus escapadas al aire libre. Con una capacidad de 473 ml, est\u00e1 dise\u00f1ado para mantener tus bebidas a la temperatura perfecta: conserva el calor hasta por 5 horas, el fr\u00edo por 4 horas [&hellip;]","og_url":"https:\/\/baquedano.com.ar\/sitio\/producto\/vaso-explorer\/","og_site_name":"Baquedano","article_publisher":"https:\/\/www.facebook.com\/baquedano.german\/","article_modified_time":"2026-03-20T14:10:56+00:00","og_image":[{"width":263,"height":500,"url":"https:\/\/baquedano.com.ar\/sitio\/wp-content\/uploads\/2026\/03\/fb36cbf8-56a9-4da3-b718-326d8fba218a.jpg","type":"image\/jpeg"}],"twitter_card":"summary_large_image","twitter_misc":{"Tiempo de lectura":"2 minutos"},"schema":{"@context":"https:\/\/schema.org","@graph":[{"@type":"WebPage","@id":"https:\/\/baquedano.com.ar\/sitio\/producto\/vaso-explorer\/","url":"https:\/\/baquedano.com.ar\/sitio\/producto\/vaso-explorer\/","name":"Vaso - EXPLORER - Baquedano","isPartOf":{"@id":"https:\/\/baquedano.com.ar\/sitio\/#website"},"primaryImageOfPage":{"@id":"https:\/\/baquedano.com.ar\/sitio\/producto\/vaso-explorer\/#primaryimage"},"image":{"@id":"https:\/\/baquedano.com.ar\/sitio\/producto\/vaso-explorer\/#primaryimage"},"thumbnailUrl":"https:\/\/baquedano.com.ar\/sitio\/wp-content\/uploads\/2026\/03\/fb36cbf8-56a9-4da3-b718-326d8fba218a.jpg","datePublished":"2026-03-20T14:10:11+00:00","dateModified":"2026-03-20T14:10:56+00:00","breadcrumb":{"@id":"https:\/\/baquedano.com.ar\/sitio\/producto\/vaso-explorer\/#breadcrumb"},"inLanguage":"es","potentialAction":[{"@type":"ReadAction","target":["https:\/\/baquedano.com.ar\/sitio\/producto\/vaso-explorer\/"]}]},{"@type":"ImageObject","inLanguage":"es","@id":"https:\/\/baquedano.com.ar\/sitio\/producto\/vaso-explorer\/#primaryimage","url":"https:\/\/baquedano.com.ar\/sitio\/wp-content\/uploads\/2026\/03\/fb36cbf8-56a9-4da3-b718-326d8fba218a.jpg","contentUrl":"https:\/\/baquedano.com.ar\/sitio\/wp-content\/uploads\/2026\/03\/fb36cbf8-56a9-4da3-b718-326d8fba218a.jpg","width":263,"height":500},{"@type":"BreadcrumbList","@id":"https:\/\/baquedano.com.ar\/sitio\/producto\/vaso-explorer\/#breadcrumb","itemListElement":[{"@type":"ListItem","position":1,"name":"Portada","item":"https:\/\/baquedano.com.ar\/sitio\/"},{"@type":"ListItem","position":2,"name":"Productos","item":"https:\/\/baquedano.com.ar\/sitio\/shop\/"},{"@type":"ListItem","position":3,"name":"Vaso &#8211; EXPLORER"}]},{"@type":"WebSite","@id":"https:\/\/baquedano.com.ar\/sitio\/#website","url":"https:\/\/baquedano.com.ar\/sitio\/","name":"German Baquedano","description":"La fuerza de la calidad","publisher":{"@id":"https:\/\/baquedano.com.ar\/sitio\/#organization"},"potentialAction":[{"@type":"SearchAction","target":{"@type":"EntryPoint","urlTemplate":"https:\/\/baquedano.com.ar\/sitio\/?s={search_term_string}"},"query-input":{"@type":"PropertyValueSpecification","valueRequired":true,"valueName":"search_term_string"}}],"inLanguage":"es"},{"@type":"Organization","@id":"https:\/\/baquedano.com.ar\/sitio\/#organization","name":"Baquedano","url":"https:\/\/baquedano.com.ar\/sitio\/","logo":{"@type":"ImageObject","inLanguage":"es","@id":"https:\/\/baquedano.com.ar\/sitio\/#\/schema\/logo\/image\/","url":"https:\/\/baquedano.com.ar\/sitio\/wp-content\/uploads\/2022\/02\/logo_tr.png","contentUrl":"https:\/\/baquedano.com.ar\/sitio\/wp-content\/uploads\/2022\/02\/logo_tr.png","width":362,"height":119,"caption":"Baquedano"},"image":{"@id":"https:\/\/baquedano.com.ar\/sitio\/#\/schema\/logo\/image\/"},"sameAs":["https:\/\/www.facebook.com\/baquedano.german\/","https:\/\/www.instagram.com\/baquedanog\/"],"email":"gbaquedano@baquedano.com.ar","telephone":"+542477440611"}]}},"_links":{"self":[{"href":"https:\/\/baquedano.com.ar\/sitio\/wp-json\/wp\/v2\/product\/4212","targetHints":{"allow":["GET"]}}],"collection":[{"href":"https:\/\/baquedano.com.ar\/sitio\/wp-json\/wp\/v2\/product"}],"about":[{"href":"https:\/\/baquedano.com.ar\/sitio\/wp-json\/wp\/v2\/types\/product"}],"wp:featuredmedia":[{"embeddable":true,"href":"https:\/\/baquedano.com.ar\/sitio\/wp-json\/wp\/v2\/media\/4216"}],"wp:attachment":[{"href":"https:\/\/baquedano.com.ar\/sitio\/wp-json\/wp\/v2\/media?parent=4212"}],"wp:term":[{"taxonomy":"product_brand","embeddable":true,"href":"https:\/\/baquedano.com.ar\/sitio\/wp-json\/wp\/v2\/product_brand?post=4212"},{"taxonomy":"product_cat","embeddable":true,"href":"https:\/\/baquedano.com.ar\/sitio\/wp-json\/wp\/v2\/product_cat?post=4212"},{"taxonomy":"product_tag","embeddable":true,"href":"https:\/\/baquedano.com.ar\/sitio\/wp-json\/wp\/v2\/product_tag?post=4212"}],"curies":[{"name":"wp","href":"https:\/\/api.w.org\/{rel}","templated":true}]}}